{"id":121,"date":"2017-05-24T21:53:05","date_gmt":"2017-05-24T21:53:05","guid":{"rendered":"http:\/\/www.sysbares.com\/tienda\/?post_type=product&#038;p=121"},"modified":"2017-05-24T21:54:11","modified_gmt":"2017-05-24T21:54:11","slug":"terminal-elotouch-all-in-one-15e2","status":"publish","type":"product","link":"http:\/\/www.sysbares.com\/tienda\/product\/terminal-elotouch-all-in-one-15e2\/","title":{"rendered":"Terminal ELOTOUCH All In One 15E2"},"content":{"rendered":"<p>El espacio peque\u00f1o que ocupa, junto con la posibilidad de montarse sobre la pared o en un soporte aumentan las alternativas de instalaci\u00f3n<br \/>\n\u2022 El \u201cdise\u00f1o para touch\u201d desde abajo hasta arriba con soporte y pantalla inclinable proporciona estabilidad para resistir los embates del uso en un entorno p\u00fablico<\/p>\n<p>\u2022 La tecnolog\u00eda de pantalla touch de cristal hacia el borde proporciona un dise\u00f1o de una sola pieza de borde a borde para obtener una apariencia elegante f\u00e1cil de limpiar y mantener<\/p>\n<p>\u2022 Pantalla t\u00e1ctil de cristal puro para obtener calidad \u00f3ptima de la imagen, sellada de f\u00e1brica para resistir derrames, polvo y grasitud<\/p>\n<p>\u2022 F\u00e1cil acceso a los componentes para facilitar el servicio a fin de minimizar el tiempo improductivo<\/p>\n<p>\u2022 El excelente manejo de los cables permite ocultarlos de la vista y eliminar la posibilidad de desconexi\u00f3n accidental para ofrecer una apariencia limpia y profesional<\/p>\n<p>\u2022 El formato de pantalla wide proporciona m\u00e1s espacio para las aplicaciones<\/p>\n<p>&nbsp;<\/p>\n<div class=\"panel-heading\">\n<h5 class=\"panel-title\"><a href=\"https:\/\/ctonline.mx\/Perifericos-para-POS\/Terminales-POS\/ELOTOUCH\/TERTSN160\/29298#ct_technical\" data-toggle=\"collapse\">FICHA T\u00c9CNICA<\/a><\/h5>\n<\/div>\n<div id=\"ct_technical\" class=\"panel-collapse collapse in\">\n<div id=\"ficha_tecnica\" class=\"panel-body\">\n<div class=\"ct-section\">\n<div class=\"row\">\n<div class=\"col-sm-6\">\n<h5>PROCESADOR<\/h5>\n<div class=\"row\">\n<div class=\"col-xs-12 col-sm-6\"><strong>Frecuencia del procesador<\/strong><\/div>\n<div class=\"col-xs-12 col-sm-6\">2 GHz<\/div>\n<\/div>\n<div class=\"row\">\n<div class=\"col-xs-12 col-sm-6\"><strong>Familia de procesador<\/strong><\/div>\n<div class=\"col-xs-12 col-sm-6\">Intel\u00ae Celeron\u00ae<\/div>\n<\/div>\n<div class=\"row\">\n<div class=\"col-xs-12 col-sm-6\"><strong>Modelo del procesador<\/strong><\/div>\n<div class=\"col-xs-12 col-sm-6\">J1900<\/div>\n<\/div>\n<div class=\"row\">\n<div class=\"col-xs-12 col-sm-6\"><strong>N\u00famero de n\u00facleos de procesador<\/strong><\/div>\n<div class=\"col-xs-12 col-sm-6\">4<\/div>\n<\/div>\n<div class=\"row\">\n<div class=\"col-xs-12 col-sm-6\"><strong>Cach\u00e9 del procesador<\/strong><\/div>\n<div class=\"col-xs-12 col-sm-6\">2 MB<\/div>\n<\/div>\n<div class=\"row\">\n<div class=\"col-xs-12 col-sm-6\"><strong>FSB, Front side bus<\/strong><\/div>\n<div class=\"col-xs-12 col-sm-6\">400 MHz<\/div>\n<\/div>\n<\/div>\n<div class=\"col-sm-6\">\n<h5>MEMORIA<\/h5>\n<div class=\"row\">\n<div class=\"col-xs-12 col-sm-6\"><strong>Memoria interna<\/strong><\/div>\n<div class=\"col-xs-12 col-sm-6\">4 GB<\/div>\n<\/div>\n<div class=\"row\">\n<div class=\"col-xs-12 col-sm-6\"><strong>Tipo de memoria interna<\/strong><\/div>\n<div class=\"col-xs-12 col-sm-6\">DDR3L-SDRAM<\/div>\n<\/div>\n<div class=\"row\">\n<div class=\"col-xs-12 col-sm-6\"><strong>Memoria interna m\u00e1xima<\/strong><\/div>\n<div class=\"col-xs-12 col-sm-6\">4 GB<\/div>\n<\/div>\n<div class=\"row\">\n<div class=\"col-xs-12 col-sm-6\"><strong>N\u00famero de ranuras de memoria<\/strong><\/div>\n<div class=\"col-xs-12 col-sm-6\">1<\/div>\n<\/div>\n<div class=\"row\">\n<div class=\"col-xs-12 col-sm-6\"><strong>Tipo de ranuras de memoria<\/strong><\/div>\n<div class=\"col-xs-12 col-sm-6\">SO-DIMM<\/div>\n<\/div>\n<\/div>\n<\/div>\n<\/div>\n<div class=\"ct-section\">\n<div class=\"row\">\n<div class=\"col-sm-6\">\n<h5>EXHIBICI\u00d3N<\/h5>\n<div class=\"row\">\n<div class=\"col-xs-12 col-sm-6\"><strong>Diagonal de la pantalla<\/strong><\/div>\n<div class=\"col-xs-12 col-sm-6\">39,6 cm (15.6&#8243;)<\/div>\n<\/div>\n<div class=\"row\">\n<div class=\"col-xs-12 col-sm-6\"><strong>Resoluci\u00f3n de la pantalla<\/strong><\/div>\n<div class=\"col-xs-12 col-sm-6\">1366 x 768 Pixeles<\/div>\n<\/div>\n<div class=\"row\">\n<div class=\"col-xs-12 col-sm-6\"><strong>Pantalla t\u00e1ctil<\/strong><\/div>\n<div class=\"col-xs-12 col-sm-6\"><\/div>\n<\/div>\n<div class=\"row\">\n<div class=\"col-xs-12 col-sm-6\"><strong>Brillo de pantalla<\/strong><\/div>\n<div class=\"col-xs-12 col-sm-6\">198 cd \/ m\u00b2<\/div>\n<\/div>\n<div class=\"row\">\n<div class=\"col-xs-12 col-sm-6\"><strong>Tecnolog\u00eda touchscreen<\/strong><\/div>\n<div class=\"col-xs-12 col-sm-6\">Surface acoustic wave<\/div>\n<\/div>\n<div class=\"row\">\n<div class=\"col-xs-12 col-sm-6\"><strong>Raz\u00f3n de contraste (t\u00edpica)<\/strong><\/div>\n<div class=\"col-xs-12 col-sm-6\">600:1<\/div>\n<\/div>\n<div class=\"row\">\n<div class=\"col-xs-12 col-sm-6\"><strong>\u00c1ngulo de visi\u00f3n, horizontal<\/strong><\/div>\n<div class=\"col-xs-12 col-sm-6\">90\u00b0<\/div>\n<\/div>\n<div class=\"row\">\n<div class=\"col-xs-12 col-sm-6\"><strong>\u00c1ngulo de visi\u00f3n, vertical<\/strong><\/div>\n<div class=\"col-xs-12 col-sm-6\">65\u00b0<\/div>\n<\/div>\n<div class=\"row\">\n<div class=\"col-xs-12 col-sm-6\"><strong>Tiempo de respuesta<\/strong><\/div>\n<div class=\"col-xs-12 col-sm-6\">10 ms<\/div>\n<\/div>\n<div class=\"row\">\n<div class=\"col-xs-12 col-sm-6\"><strong>\u00c1rea de visi\u00f3n efectiva<\/strong><\/div>\n<div class=\"col-xs-12 col-sm-6\">344,2 x 193,5 mm<\/div>\n<\/div>\n<div class=\"row\">\n<div class=\"col-xs-12 col-sm-6\"><strong>Relaci\u00f3n de aspecto<\/strong><\/div>\n<div class=\"col-xs-12 col-sm-6\">16:9<\/div>\n<\/div>\n<div class=\"row\">\n<div class=\"col-xs-12 col-sm-6\"><strong>N\u00famero de colores de la pantalla<\/strong><\/div>\n<div class=\"col-xs-12 col-sm-6\">262144 colores<\/div>\n<\/div>\n<\/div>\n<div class=\"col-sm-6\">\n<h5>PUERTOS E INTERFACES<\/h5>\n<div class=\"row\">\n<div class=\"col-xs-12 col-sm-6\"><strong>Ethernet LAN (RJ-45) cantidad de puertos<\/strong><\/div>\n<div class=\"col-xs-12 col-sm-6\">1<\/div>\n<\/div>\n<div class=\"row\">\n<div class=\"col-xs-12 col-sm-6\"><strong>Cantidad de puertos USB 2.0<\/strong><\/div>\n<div class=\"col-xs-12 col-sm-6\">4<\/div>\n<\/div>\n<div class=\"row\">\n<div class=\"col-xs-12 col-sm-6\"><strong>Cantidad de puertos VGA (D-Sub)<\/strong><\/div>\n<div class=\"col-xs-12 col-sm-6\">2<\/div>\n<\/div>\n<div class=\"row\">\n<div class=\"col-xs-12 col-sm-6\"><strong>Entrada de l\u00ednea<\/strong><\/div>\n<div class=\"col-xs-12 col-sm-6\"><\/div>\n<\/div>\n<div class=\"row\">\n<div class=\"col-xs-12 col-sm-6\"><strong>Salida de l\u00ednea<\/strong><\/div>\n<div class=\"col-xs-12 col-sm-6\"><\/div>\n<\/div>\n<div class=\"row\">\n<div class=\"col-xs-12 col-sm-6\"><strong>Micr\u00f3fono, jack de entrada<\/strong><\/div>\n<div class=\"col-xs-12 col-sm-6\"><\/div>\n<\/div>\n<div class=\"row\">\n<div class=\"col-xs-12 col-sm-6\"><strong>Puerto &#8211; RS-232<\/strong><\/div>\n<div class=\"col-xs-12 col-sm-6\">2<\/div>\n<\/div>\n<div class=\"row\">\n<div class=\"col-xs-12 col-sm-6\"><strong>Enchufe de entrada de CC<\/strong><\/div>\n<div class=\"col-xs-12 col-sm-6\"><\/div>\n<\/div>\n<\/div>\n<\/div>\n<\/div>\n<div class=\"ct-section\">\n<div class=\"row\">\n<div class=\"col-sm-6\">\n<h5>PESO Y DIMENSIONES<\/h5>\n<div class=\"row\">\n<div class=\"col-xs-12 col-sm-6\"><strong>Ancho<\/strong><\/div>\n<div class=\"col-xs-12 col-sm-6\">390 mm<\/div>\n<\/div>\n<div class=\"row\">\n<div class=\"col-xs-12 col-sm-6\"><strong>Profundidad<\/strong><\/div>\n<div class=\"col-xs-12 col-sm-6\">280 mm<\/div>\n<\/div>\n<div class=\"row\">\n<div class=\"col-xs-12 col-sm-6\"><strong>Altura<\/strong><\/div>\n<div class=\"col-xs-12 col-sm-6\">240 mm<\/div>\n<\/div>\n<div class=\"row\">\n<div class=\"col-xs-12 col-sm-6\"><strong>Ancho del dispositivo (con soporte)<\/strong><\/div>\n<div class=\"col-xs-12 col-sm-6\">390 mm<\/div>\n<\/div>\n<div class=\"row\">\n<div class=\"col-xs-12 col-sm-6\"><strong>Profundidad dispositivo (con soporte)<\/strong><\/div>\n<div class=\"col-xs-12 col-sm-6\">330 mm<\/div>\n<\/div>\n<div class=\"row\">\n<div class=\"col-xs-12 col-sm-6\"><strong>Altura del dispositivo (con soporte)<\/strong><\/div>\n<div class=\"col-xs-12 col-sm-6\">161 mm<\/div>\n<\/div>\n<div class=\"row\">\n<div class=\"col-xs-12 col-sm-6\"><strong>Peso con stand<\/strong><\/div>\n<div class=\"col-xs-12 col-sm-6\">4,7 kg<\/div>\n<\/div>\n<div class=\"row\">\n<div class=\"col-xs-12 col-sm-6\"><strong>Ancho del paquete<\/strong><\/div>\n<div class=\"col-xs-12 col-sm-6\">460 mm<\/div>\n<\/div>\n<div class=\"row\">\n<div class=\"col-xs-12 col-sm-6\"><strong>Profundidad del paquete<\/strong><\/div>\n<div class=\"col-xs-12 col-sm-6\">400 mm<\/div>\n<\/div>\n<div class=\"row\">\n<div class=\"col-xs-12 col-sm-6\"><strong>Altura del paquete<\/strong><\/div>\n<div class=\"col-xs-12 col-sm-6\">250 mm<\/div>\n<\/div>\n<div class=\"row\">\n<div class=\"col-xs-12 col-sm-6\"><strong>Peso del paquete<\/strong><\/div>\n<div class=\"col-xs-12 col-sm-6\">7,3 kg<\/div>\n<\/div>\n<\/div>\n<div class=\"col-sm-6\">\n<h5>CONTROL DE ENERG\u00cdA<\/h5>\n<div class=\"row\">\n<div class=\"col-xs-12 col-sm-6\"><strong>Voltaje de entrada AC<\/strong><\/div>\n<div class=\"col-xs-12 col-sm-6\">100-240 V<\/div>\n<\/div>\n<div class=\"row\">\n<div class=\"col-xs-12 col-sm-6\"><strong>Frecuencia de entrada AC<\/strong><\/div>\n<div class=\"col-xs-12 col-sm-6\">50\/60 Hz<\/div>\n<\/div>\n<div class=\"row\">\n<div class=\"col-xs-12 col-sm-6\"><strong>Consumo energ\u00e9tico<\/strong><\/div>\n<div class=\"col-xs-12 col-sm-6\">29 W<\/div>\n<\/div>\n<\/div>\n<\/div>\n<\/div>\n<div class=\"ct-section\">\n<div class=\"row\">\n<div class=\"col-sm-6\">\n<h5>CONDICIONES AMBIENTALES<\/h5>\n<div class=\"row\">\n<div class=\"col-xs-12 col-sm-6\"><strong>Intervalo de humedad relativa para funcionamiento<\/strong><\/div>\n<div class=\"col-xs-12 col-sm-6\">20 &#8211; 80%<\/div>\n<\/div>\n<div class=\"row\">\n<div class=\"col-xs-12 col-sm-6\"><strong>Intervalo de temperatura operativa<\/strong><\/div>\n<div class=\"col-xs-12 col-sm-6\">0 &#8211; 35 \u00b0C<\/div>\n<\/div>\n<div class=\"row\">\n<div class=\"col-xs-12 col-sm-6\"><strong>Intervalo de temperatura de almacenaje<\/strong><\/div>\n<div class=\"col-xs-12 col-sm-6\">-20 &#8211; 60 \u00b0C<\/div>\n<\/div>\n<div class=\"row\">\n<div class=\"col-xs-12 col-sm-6\"><strong>Intervalo de humedad relativa durante almacenaje<\/strong><\/div>\n<div class=\"col-xs-12 col-sm-6\">5 &#8211; 95%<\/div>\n<\/div>\n<div class=\"row\">\n<div class=\"col-xs-12 col-sm-6\"><strong>Rango de temperatura de funcionamiento<\/strong><\/div>\n<div class=\"col-xs-12 col-sm-6\">32 &#8211; 95 \u00b0F<\/div>\n<\/div>\n<\/div>\n<div class=\"col-sm-6\">\n<h5>CONEXI\u00d3N<\/h5>\n<div class=\"row\">\n<div class=\"col-xs-12 col-sm-6\"><strong>Ethernet<\/strong><\/div>\n<div class=\"col-xs-12 col-sm-6\"><\/div>\n<\/div>\n<div class=\"row\">\n<div class=\"col-xs-12 col-sm-6\"><strong>Ethernet LAN, velocidad de transferencia de datos<\/strong><\/div>\n<div class=\"col-xs-12 col-sm-6\">10,100,1000 Mbit\/s<\/div>\n<\/div>\n<\/div>\n<\/div>\n<\/div>\n<div class=\"ct-section\">\n<div class=\"row\">\n<div class=\"col-sm-6\">\n<h5>MEDIOS DE ALMACENAJE<\/h5>\n<div class=\"row\">\n<div class=\"col-xs-12 col-sm-6\"><strong>Capacidad total de almacenaje<\/strong><\/div>\n<div class=\"col-xs-12 col-sm-6\">128 GB<\/div>\n<\/div>\n<div class=\"row\">\n<div class=\"col-xs-12 col-sm-6\"><strong>Tipo de almacenamiento<\/strong><\/div>\n<div class=\"col-xs-12 col-sm-6\">SSD<\/div>\n<\/div>\n<div class=\"row\">\n<div class=\"col-xs-12 col-sm-6\"><strong>Disco de estado s\u00f3lido, capacidad<\/strong><\/div>\n<div class=\"col-xs-12 col-sm-6\">128 GB<\/div>\n<\/div>\n<div class=\"row\">\n<div class=\"col-xs-12 col-sm-6\"><strong>Interfaces de disco de estado s\u00f3lido<\/strong><\/div>\n<div class=\"col-xs-12 col-sm-6\">SATA<\/div>\n<\/div>\n<\/div>\n<div class=\"col-sm-6\">\n<h5>SEGURIDAD<\/h5>\n<div class=\"row\">\n<div class=\"col-xs-12 col-sm-6\"><strong>Ranura para cable de seguridad<\/strong><\/div>\n<div class=\"col-xs-12 col-sm-6\">Kensington<\/div>\n<\/div>\n<\/div>\n<\/div>\n<\/div>\n<div class=\"ct-section\">\n<div class=\"row\">\n<div class=\"col-sm-6\">\n<h5>APROBACIONES REGULADORAS<\/h5>\n<div class=\"row\">\n<div class=\"col-xs-12 col-sm-6\"><strong>Certificaci\u00f3n<\/strong><\/div>\n<div class=\"col-xs-12 col-sm-6\">UL, cUL, FCC, TUV, CB, CE, CoC, VCCI, CCC, KC, BSMI, RCM, UKSERTCOMPUTER<\/div>\n<\/div>\n<\/div>\n<div class=\"col-sm-6\">\n<h5>SOFTWARE<\/h5>\n<div class=\"row\">\n<div class=\"col-xs-12 col-sm-6\"><strong>Sistema operativo instalado<\/strong><\/div>\n<div class=\"col-xs-12 col-sm-6\"><\/div>\n<\/div>\n<\/div>\n<\/div>\n<\/div>\n<div class=\"ct-section\">\n<div class=\"row\">\n<div class=\"col-sm-6\">\n<h5>ERGONOM\u00cdA<\/h5>\n<div class=\"row\">\n<div class=\"col-xs-12 col-sm-6\"><strong>Montaje de pared<\/strong><\/div>\n<div class=\"col-xs-12 col-sm-6\"><\/div>\n<\/div>\n<div class=\"row\">\n<div class=\"col-xs-12 col-sm-6\"><strong>montaje VESA<\/strong><\/div>\n<div class=\"col-xs-12 col-sm-6\"><\/div>\n<\/div>\n<div class=\"row\">\n<div class=\"col-xs-12 col-sm-6\"><strong>Interfaces de montaje VESA<\/strong><\/div>\n<div class=\"col-xs-12 col-sm-6\">100 x 100 mm<\/div>\n<\/div>\n<div class=\"row\">\n<div class=\"col-xs-12 col-sm-6\"><strong>Tiempo medio entre fallos<\/strong><\/div>\n<div class=\"col-xs-12 col-sm-6\">30000 h<\/div>\n<\/div>\n<\/div>\n<div class=\"col-sm-6\">\n<h5>DISE\u00d1O<\/h5>\n<div class=\"row\">\n<div class=\"col-xs-12 col-sm-6\"><strong>Tipo de chasis<\/strong><\/div>\n<div class=\"col-xs-12 col-sm-6\">Todo-en-Uno<\/div>\n<\/div>\n<div class=\"row\">\n<div class=\"col-xs-12 col-sm-6\"><strong>Color del producto<\/strong><\/div>\n<div class=\"col-xs-12 col-sm-6\">Negro<\/div>\n<\/div>\n<\/div>\n<\/div>\n<\/div>\n<div class=\"ct-section\">\n<div class=\"row\">\n<div class=\"col-sm-6\">\n<h5>GR\u00c1FICOS<\/h5>\n<div class=\"row\">\n<div class=\"col-xs-12 col-sm-6\"><strong>Fabricante de adaptadores gr\u00e1ficos<\/strong><\/div>\n<div class=\"col-xs-12 col-sm-6\">Intel<\/div>\n<\/div>\n<div class=\"row\">\n<div class=\"col-xs-12 col-sm-6\"><strong>Adaptador gr\u00e1fico<\/strong><\/div>\n<div class=\"col-xs-12 col-sm-6\">HD Graphics<\/div>\n<\/div>\n<\/div>\n<\/div>\n<\/div>\n<\/div>\n<\/div>\n","protected":false},"excerpt":{"rendered":"<p>La computadora Elo Touch Solutions 15E2 serie E es una soluci\u00f3n touch reforzada y elegante para ventas, ocupa un espacio peque\u00f1o y ha sido creada para entornos hoteleros y de ventas en los que su aspecto delgado y elegante complementa la decoraci\u00f3n y el ambiente. La computadora touch es un sistema all-in-one que permite ahorrar espacio, y contiene una pantalla wide touch de 15 pulgadas sin bisel, al mismo precio y del mismo rendimiento que el de un equipo de monitor y computadora personal separados. Est\u00e1 dise\u00f1ada para colocarse sobre una gaveta de cajero, o puede montarse sobre la pared o en un soporte, dependiendo de las necesidades de instalaci\u00f3n<\/p>\n","protected":false},"featured_media":126,"comment_status":"open","ping_status":"closed","template":"","meta":[],"product_cat":[29,35],"product_tag":[],"_links":{"self":[{"href":"http:\/\/www.sysbares.com\/tienda\/wp-json\/wp\/v2\/product\/121"}],"collection":[{"href":"http:\/\/www.sysbares.com\/tienda\/wp-json\/wp\/v2\/product"}],"about":[{"href":"http:\/\/www.sysbares.com\/tienda\/wp-json\/wp\/v2\/types\/product"}],"replies":[{"embeddable":true,"href":"http:\/\/www.sysbares.com\/tienda\/wp-json\/wp\/v2\/comments?post=121"}],"wp:featuredmedia":[{"embeddable":true,"href":"http:\/\/www.sysbares.com\/tienda\/wp-json\/wp\/v2\/media\/126"}],"wp:attachment":[{"href":"http:\/\/www.sysbares.com\/tienda\/wp-json\/wp\/v2\/media?parent=121"}],"wp:term":[{"taxonomy":"product_cat","embeddable":true,"href":"http:\/\/www.sysbares.com\/tienda\/wp-json\/wp\/v2\/product_cat?post=121"},{"taxonomy":"product_tag","embeddable":true,"href":"http:\/\/www.sysbares.com\/tienda\/wp-json\/wp\/v2\/product_tag?post=121"}],"curies":[{"name":"wp","href":"https:\/\/api.w.org\/{rel}","templated":true}]}}